se -20*u = -9468 + 2108. What is the remainder when 1104 is divided by u?
0
Let j = 1602 + -1577. Let v be ((-1)/(-2))/(2/12). Suppose -y - 38 = -v*t, t + 3*y - 21 - 5 = 0. What is the remainder when j is divided by t?
11
Calculate the remainder when 1/(-3) - 1040/(-15) is divided by 13.
4
Suppose 12 = -5*f + 8*f, -2*k = -3*f - 60. Calculate the remainder when 1509 is divided by k.
33
Suppose -f - 2*z = 2*f - 141, z + 101 = 2*f. Let q = -33 + f. What is the remainder when 44 is divided by q?
12
Let q(w) = -w**3 - 18*w**2 - 4*w - 38. Calculate the remainder when q(-18) is divided by 19.
15
Let x(f) = -6*f - 13. Let t be x(-3). Suppose 0 = 2*a - 3 - 3. Suppose -69 = -m + t*n, a*n - 175 = -3*m + 2*n. Calculate the remainder when m is divided by 30.
29
Suppose 3*v - 45 = 165. Let s(r) = -r**3 + 13*r**2 + 15*r - 13. Let t be s(14). What is the remainder when 8 + v - (-3 + t) is divided by 27?
26
Suppose -271 = -13*o + 158. Calculate the remainder when 164 is divided by o.
32
Suppose -24*g - 59 = -347. Suppose 0 = 2*i + 2*z - 64, -3*i + 2*z = z - 96. Calculate the remainder when i is divided by g.
8
Suppose -k = 3*k - 28. Suppose 44*a + 108 = 50*a. Calculate the remainder when 2/k - 710/(-14) is divided by a.
15
Let p = 36 + -19. Let n = p - 12. Suppose -5*f = -n*u + 405, -4*u + 0*f - 4*f + 284 = 0. What is the remainder when u is divided by 13?
11
Let y(a) = 5*a + 22. Calculate the remainder when y(7) is divided by 29.
28
Suppose 10 - 2 = 2*k. Suppose k*o + 72 = y, 0*y + 4*o = -4*y + 308. Suppose 2*f = 3*t - 88, 3*t + 13 - 116 = 5*f. What is the remainder when y is divided by t?
24
Let f = -887 - -2060. What is the remainder when f is divided by 24?
21
Let m = 14 + 208. What is the remainder when m is divided by 45?
42
Suppose u - 3*p - 1 = 2*u, 4*u + 3*p = 5. Let s = 0 + u. Suppose 0 = -5*y + 3*v + 35, -v - 5 = -s*v. What is the remainder when 29 is divided by y?
9
What is the remainder when 349 is divided by (-4)/(-20) - 2/20*-878?
85
Let p(n) = 5*n - 47. Let r be p(9). What is the remainder when 93 is divided by -3*(8 + -4)*r?
21
Let q(u) = 9*u + 1. Let d(p) = p**2 - 9*p - 7. Let f be d(10). Let a be q(f). Suppose -a = -4*o - 0. Calculate the remainder when 27 is divided by o.
6
Suppose -34 = -3*i + 2*i - 4*b, i - b = 59. Calculate the remainder when i is divided by 8.
6
Suppose -2*b + 10 + 4 = 0. Suppose 30 = -2*r + b*r. Calculate the remainder when 55/(-3)*(-48)/40 is divided by r.
4
Let i(b) = -5*b - 2. Let c(v) = -31*v - 11. Let p(f) = -6*c(f) + 34*i(f). Let z be p(2). What is the remainder when (2/(-6))/((-2)/z) is divided by 3?
2
Suppose 0 = -5*i + i + 16. Suppose 0*u - 8 = -i*u. Suppose -4*n + 296 = -3*x, -u*n - 2*x - 69 = -3*n. What is the remainder when n is divided by 20?
17
Let s(m) = -m**2 + 20*m - 34. What is the remainder when s(13) is divided by 22?
13
Let t(n) = 13*n**2 + 115*n + 573. Calculate the remainder when t(-5) is divided by 66.
59
Suppose 6*a = 3*a + 6. Suppose 5*j = 5*m - 5, -m - a*j = 4 - 2. Suppose m = o + w - 6, -2*o = w + 3 - 13. What is the remainder when 5 is divided by o?
1
Suppose 18 = 11*x - 15. Let u = 54 - 10. Suppose -2*j + u = 4*m, x*j + 2*j = m. Calculate the remainder when 25 is divided by m.
5
Calculate the remainder when 14 is divided by 6/14 - (1 - (-335)/(-35)).
5
Let y(k) = 4*k + 157. What is the remainder when y(-17) is divided by 52?
37
Let y(p) = -p**3 + 7*p**2 + 12*p - 18. Let d = -26 - -34. Let c be y(d). What is the remainder when 63 is divided by -12 + 13 - (-1 - c)?
15
Suppose -50 = 5*g - 270. What is the remainder when 1318 is divided by g?
42
Let h = 24 + -45. Let r(k) = 11*k**2 - 3*k - 1. Let j be r(2). Let o = h + j. What is the remainder when o is divided by 9?
7
Let h = -327 - -439. Calculate the remainder when h is divided by 34.
10
Let q be (-9)/(-36)*(1 - -7). Suppose i - 9 = q. What is the remainder when 97 is divided by i?
9
Let u = -10 + 13. Suppose -u*g - 42 = -4*n + 18, 3*n - 3*g = 42. Let a = 73 + -68. Calculate the remainder when n is divided by a.
3
Let r be -3*(2/2 + -4). Calculate the remainder when 48 is divided by 227/r - (-4)/(-18).
23
Let c(z) = z**3 + 8*z**2 - 68*z - 14. What is the remainder when 39 is divided by c(-13)?
14
Let u(n) = 2*n**3 + 19*n**2 + 29*n - 10. Calculate the remainder when 415 is divided by u(-7).
31
Let f be 4/10 + 108/(-20). Calculate the remainder when 55 is divided by (-9)/(2 + f) - -11.
13
Calculate the remainder when 2 - 3 - 1166/(-11) is divided by 12.
9
Let p(n) = 1 + 1 + 14*n - 3 + 3 - 4*n. Suppose -4*i + 5 = -7. Calculate the remainder when p(i) is divided by 17.
15
Let k be (-1)/5 - (-490)/(-50). Let y = k + 12. What is the remainder when 13 is divided by 105/14 + (-1)/y?
6
What is the remainder when (324/16)/(1/4) is divided by 14 + (-4)/2 + 9?
18
Suppose 2*i + 93 = 5*i. What is the remainder when 123 is divided by i?
30
Suppose 3 = -5*t - i, t = i + i + 6. Suppose 3*b = 5*j + 61, -5*b - 5*j + 75 = -t*j. What is the remainder when 33 is divided by 11/22 + b/2?
6
Let l(i) = -8*i - 17. Let y be l(-13). Suppose -4*z = 4*p + 44 - 224, z - y = -2*p. Calculate the remainder when p is divided by 15.
12
Let f = -4 - -6. Let t(i) = 22*i**f + 20*i**2 - 10*i - 41*i**2 - 14. Calculate the remainder when t(15) is divided by 21.
19
Let l = 716 + -601. Calculate the remainder when l is divided by 115.
0
Suppose 8*q + q = 5085. What is the remainder when q is divided by 8?
5
Let c be (-126)/4 + 2/4. Let s = -11 + 19. Calculate the remainder when (c/3)/((-1)/3) is divided by s.
7
Suppose -4*i + 928 = 4*t, 10*t + 5 = 5*t. What is the remainder when i is divided by 13?
12
Let j = 28 + 66. Suppose 2*o + 2*b = -o + j, -o = -4*b - 22. Calculate the remainder when o is divided by 17.
13
Let r(n) = 121*n - 55. Calculate the remainder when r(1) is divided by 14.
10
Let m = 83 - 35. What is the remainder when 284 is divided by m?
44
Let z(l) = -l**3 + 16*l**2 + 4*l - 15. Calculate the remainder when 338 is divided by z(16).
44
Let i(y) = 3*y - 8. Let s = 31 + -22. Let a be i(s). Let c = 38 + a. Calculate the remainder when c is divided by 20.
17
Let m(d) = -d**3 - 12 + 11*d**2 - 3 + 13*d + 3. Let h be m(12). Suppose 3*q + j - 193 = -h*j, -5*q = -4*j - 299. What is the remainder when q is divided by 32?
31
Let u(j) be the first derivative of j**4/4 + 4*j**3/3 - j**2 + j + 12. What is the remainder when 30 is divided by u(-3)?
14
Let k = -14 - -10. What is the remainder when 83/1 - (k + 0) is divided by 22?
21
Let z(k) = k**2 + 9*k - 125. What is the remainder when 104 is divided by z(-17)?
5
Let s(f) = -f**3 - 2*f**2 - 23*f - 64. What is the remainder when 103 is divided by s(-3)?
5
Suppose 31*c - 13153 = -2303. Calculate the remainder when c is divided by 51.
44
Let t = 10 - 3. Suppose -c + 5 = 25. Let l = c - -40. Calculate the remainder when l is divided by t.
6
Let h(t) = 36*t**2 - 1 + 0 - 9*t**2. Let w(m) = m**3 + 16*m**2 - m - 15. Let v be w(-16). What is the remainder when h(v) is divided by 7?
5
Suppose 35*s + 846 = 53*s. What is the remainder when 464 is divided by s?
41
Suppose 0 = 5*k - 0*d - 4*d - 46, -4*d - 40 = -4*k. Let b = -56 + 107. Suppose -6*q = -3*q - b. Calculate the remainder when q is divided by k.
5
Suppose 4*d + 4*q - 128 = 0, 5*d + 4*q - 70 = 3*d. Let u = 68 - -69. Let i = u - 22. What is the remainder when i is divided by d?
28
Let y(g) = 58*g + 53. What is the remainder when y(7) is divided by 26?
17
Let l = -15 + 25. What is the remainder when (-5)/(20*(-10)/1120) is divided by l?
8
Suppose 10*q - 384 = 7*q. Suppose -5*n + 548 = q. Calculate the remainder when n is divided by 22.
18
Suppose 2*b + 52 = 5*c, 17 = 3*c + 5*b - 39. Let g = -11 + 18. Calculate the remainder when c is divided by g.
5
Suppose -4*v = -16, 0 = -4*c + 2*c - 2*v + 1680. What is the remainder when c is divided by 24?
20
What is the remainder when 117 is divided by (32/(-28))/((-12)/126)?
9
Suppose -4*z + 4*c = -2*z - 26, 0 = -z - 2*c - 3. Calculate the remainder when z is divided by 2.
1
Let l be 5 + -3 + 2 + -2. Suppose -5*n = o - 34 - 39, 0 = -5*o - l*n + 250. Let g = 82 - o. What is the remainder when g is divided by 9?
7
Suppose 10*k + 13 = 143. Calculate the remainder when 35 is divided by k.
9
What is the remainder when 56 is divided by -3 - -21 - (-1 +